e c(3).
-7
Suppose 2*p = -6 + 2. Let x = 4 + p. Let u(s) = -50*s + 50*s - s**x - 8. Give u(0).
-8
Let c(y) = y + 11. Let m(b) = -b - 6. Let u(i) = -i**2 - 6*i - 6. Let h be u(-4). Suppose h*k + 21 = 5*k. Let z(a) = k*m(a) + 4*c(a). Calculate z(-5).
17
Let i(m) be the second derivative of -m**7/2520 - m**6/720 + m**5/40 + m**4/2 + m**2/2 - m - 24. Let l(w) be the third derivative of i(w). Determine l(0).
3
Let l(z) = -108*z**3 + 35*z**3 + 35*z**3 + z**2 + 39*z**3. What is l(1)?
2
Let g(r) = -2*r + 4. Let t = -17 - -21. Suppose -5*u - 5*a = -20, 0 = t*u - 7*u + 5*a + 28. Let o be u/(-21) - (-74)/14. What is g(o)?
-6
Let s(n) be the first derivative of -n**3/3 - n**2 - n - 1. Let u = -3 + 2. Calculate s(u).
0
Let t(s) = -s**2 - 7*s - 1. Let v = 392 + -399. Give t(v).
-1
Let f(l) = -2*l - 5. Suppose -5*t + 12 = -t - j, -3*t = 5*j - 9. Let o be -4*(-2)/12 - (-106)/3. Suppose -9*m - o = -t*m. Give f(m).
7
Let n(d) = -35*d + 10. Let s(f) = -10*f + 1. Let p(w) = -39*w + 3. Let c(a) = 2*p(a) - 9*s(a). Let z(q) = -7*c(q) - 2*n(q). Let y = 1 + -2. Determine z(y).
15
Let g(t) = t**2 + 4*t - 3. Let c be g(-5). Let l(z) = 2 - 3*z + 0*z**2 + 0*z + z**c. Suppose -4*w + 10 = w. Give l(w).
0
Let s(b) = -b - 7. Let c(g) = -g - 7. Let t(m) = 4*c(m) - 5*s(m). Let w be t(-3). Let a(i) = -6*i + 0*i - 2*i + 12*i - i. Calculate a(w).
12
Let h(l) = -l**2 - 3*l - 1. Let m(x) = 5*x**3 + 2*x**2 - x. Let a be m(1). Suppose -3*q + a = -6*q. Give h(q).
1
Let z(p) = -3*p. Let v(a) = -4*a. Let t(b) = 4*v(b) - 5*z(b). Let n = -16 - -9. Determine t(n).
7
Let t(b) = b + 7. Suppose 14 = 4*i - 2*x, -24 = -2*i - x - 7. Suppose 0*u = -3*u + i. Let m = -4 - u. Determine t(m).
1
Let k(t) = -68*t + 3*t**3 + 67*t + 2 - 1. Suppose 1 = -2*x + 3*x. Determine k(x).
3
Let l(k) be the second derivative of -k**4/12 + 13*k**3/6 - k - 48. What is l(9)?
36
Let i(h) = -5*h + 13 + 9 - 21. Calculate i(-4).
21
Let y be 6/(-9)*(-567)/42. Let a(m) = -3*m + 8. Calculate a(y).
-19
Let d(o) be the first derivative of -o**2/2 + 4*o + 350. What is d(17)?
-13
Let d(p) be the first derivative of p**4/4 + 7*p**3/3 + 3*p**2 - 4*p + 1. Let h = 33 - 13. Suppose -4*y + 2 = 4*u + 18, 3*y + h = u. What is d(y)?
-4
Let y(q) be the first derivative of q**5/20 + q**3/6 - 8*q**2 + 18*q - 21. Let g(d) be the first derivative of y(d). Determine g(0).
-16
Let h(v) be the third derivative of v**7/840 + 7*v**6/360 + v**5/20 - v**4/24 + 2*v**3 - 2*v**2. Let c(k) be the first derivative of h(k). Give c(-5).
19
Let l be ((-6)/(-5))/(9/30). Let j(o) = -o**3 - 4*o**2 - 4*o + 2. Let f be j(-2). Let z(i) = -i**3 - 9*i**f + 4 + 0*i**2 + 8*i**2 + l*i**2. Calculate z(3).
4
Let d(c) = -3*c + 25. Let m be (-3 - -18 - 8)/1. Calculate d(m).
4
Suppose 23*x = -65 - 50. Let l(v) = v**2 + 3. What is l(x)?
28
Suppose 2*o - 27 = -3*o + 3*t, 2*o - t - 10 = 0. Suppose -2*l - 7 = o*s, 31 = 4*l - s - 2*s. Let j(r) = 8 + l*r**2 - 3*r**2 + 5*r + 3*r. Determine j(-6).
-4
Suppose -17*u = -18*u + 3. Let o(x) = -7*x**3 - u + 0*x**2 + 4*x + 3*x**3 + 3*x**3 + 3*x**2. What is o(3)?
9
Let u(i) = i**3 + 9*i**2 - 10*i + 2. Let z be u(-10). Let y(l) = -5*l**2 + 4*l + 0*l**2 + 3*l**2 - 3*l. Calculate y(z).
-6
Suppose -4*b + 5*l = 42, -b - l - 4 = 2. Let m(w) = -5 + 5*w - 2*w + w - 3*w - 3*w. Calculate m(b).
11
Let v(k) = 14*k + 3. Let r(c) = -27*c - 6. Let h(u) = -5*r(u) - 9*v(u). Suppose -20*m + 22*m = -6. Give h(m).
-24
Let i(g) = -5*g + 1. Let c(v) = v + 6. Suppose 5*l + 3 = 6*l. Let n = l - 11. Let p be c(n). Give i(p).
11
Let i(m) = 7*m - 18*m**2 - 10 - 19*m**2 + 36*m**2. Let j be i(5). Let p(o) = -o + 11. What is p(j)?
11
Suppose -17*t = -18*t - 1, -5*k + 3*t - 12 = 0. Let o(d) = -2*d**2 - 4*d - 2. Give o(k).
-8
Let z(q) be the third derivative of q**6/120 + q**5/20 - q**4/6 - q**3/2 + q**2. Suppose -127 = 4*g - 115. Give z(g).
9
Let u(x) = 2*x**2 + 7*x + 4. Let f(n) = 4*n - 53. Let y be f(12). Determine u(y).
19
Let d(h) be the third derivative of h**4/8 + h**3/3 - 55*h**2. Let v(a) = a + 1. Let y be v(-3). What is d(y)?
-4
Let d be (-12)/(3/((-132)/(-8))). Let h(k) = -1. Let c(q) = -3*q + 33. Let a(j) = d*h(j) - 2*c(j). Give a(1).
6
Let z(y) be the second derivative of -y**3/6 + 3*y**2 + 643*y. Calculate z(-7).
13
Suppose 4*q = u - 20, -2*u - 7 = q - 2. Let k(z) be the second derivative of 0*z**3 - 8*z + u - 1/4*z**4 + 1/2*z**2 - 1/20*z**5. Give k(-2).
-3
Let d(w) = 154 + 10*w - 292 + 2*w**2 - w**2 + 145. Determine d(-6).
-17
Let b(t) = -t + 3. Let l be b(5). Let n(i) = 3*i**3 + i - 12. Let g(f) = -4*f**3 - f + 15. Let h(y) = -4*g(y) - 5*n(y). Give h(l).
-6
Let t(f) = -564 - 525 + 1090 - f**2 + 3*f. Suppose -2*x - 3 = 1, -2 = s - x. Let a be s/(-14) + (-52)/(-14). What is t(a)?
-3
Let p(f) = 5 + 7 + 0 - 4*f - 3*f + 6*f. Determine p(-5).
17
Let m(p) = -p**2 - 5*p - 2. Suppose 5*v - 4*k + 30 = 0, 4*k + 30 = 6*v - 11*v. What is m(v)?
-8
Suppose 4*l = -1 + 9. Let v(x) = x + 4 - l - 6*x**3 - 3 - 3*x. Determine v(-1).
7
Suppose -114*h + 96*h = 36. Let j(y) = 2*y**2 + 4*y + 2. Calculate j(h).
2
Suppose -55 = 16*r + 73. Let b(i) = 2*i + 12. What is b(r)?
-4
Let r(s) = -s - 2. Let b(p) = 6*p + 2. Let z(y) = -b(y) - 3*r(y). Let f be 22/77 + 66/14. Let u = f + -8. Give z(u).
13
Let t(g) = 21*g + 0 + 2 - 59*g + 19*g + 20*g. What is t(12)?
14
Suppose 2*z - 8 = -2*z + 5*o, -z + 2 = 4*o. Let t(l) = -6*l**2 - 3 - 1 - l**3 - 2*l + 1 - z*l. What is t(-5)?
-8
Let m(d) be the second derivative of d**7/2520 - d**6/120 - 3*d**5/40 - d**4/12 + 11*d. Let z(u) be the third derivative of m(u). Determine z(8).
7
Suppose 0 - 2 = -2*p. Let d(y) = 5*y**2 - y. Determine d(p).
4
Let h(k) be the first derivative of k**4/4 + 8*k**3/3 + 2*k**2 + 9*k - 135. Give h(-7).
30
Let v(x) = 113 - 113 - 6*x - 2*x. Determine v(1).
-8
Let w = 11 + -11. Suppose -5*i + 16 + 4 = w. Let t(a) = a - 2. Give t(i).
2
Let x(h) = -h - 1. Let v(w) be the second derivative of w**3/6 + 3*w**2 + 5*w. Let z be v(-11). Determine x(z).
4
Let b be (4/(-160))/(3/(-6)). Let d(n) be the second derivative of 0 - b*n**5 + 3*n**2 + 4/3*n**3 - 5/12*n**4 - 6*n. What is d(-6)?
-6
Let i = -14 - -20. Let h(x) = -12*x + 79. Calculate h(i).
7
Let t = 14 - 15. Let s be -26 + 26 + -2 + t. Let j(b) = -b**2 + 3. Calculate j(s).
-6
Let h = 3 + -2. Suppose -o + h = -5. Let w(a) be the third derivative of a**6/120 - a**5/12 - 5*a**4/24 - a**3 + 147*a**2 - 2. What is w(o)?
0
Suppose -4 + 2 = -l. Let c(t) = -t**3 - 1 + 3*t**2 + 2*t + l + 0. Let y(f) = f**3 + 14*f**2 - 15*f + 3. Let j be y(-15). Give c(j).
7
Let q(i) = 0 + 128*i**2 - 62*i**2 + 0 - 65*i**2 + 13*i - 1. Determine q(-10).
-31
Let v be 285/25 + (-2)/5. Let i = -6 + v. Let j(x) be the third derivative of x**5/60 - x**4/6 + x**3/3 - 5*x**2. Give j(i).
7
Let g(i) = 21*i**3 - i**2. Let f(s) = s + 32. Let d be f(-14). Suppose 4*c + 6 = -10, -d = -2*w + 4*c. Determine g(w).
20
Let i(l) = -5*l**2 + 4990*l + 6*l**2 - 4991*l. Give i(4).
12
Let b(c) = -5*c + 37. Let x be b(8). Let k(g) be the second derivative of 2*g + 1/6*g**4 + 0 + 1/3*g**3 - 3/2*g**2. Give k(x).
9
Let n(q) be the second derivative of -q**3/6 + q**2 + 3*q. Suppose -2 = 2*x - 40. Suppose -5*t + x = 4. What is n(t)?
-1
Let d(z) = -z**2 - 2*z - 12. Let y(j) = -j - 7. Let c(q) = -3*d(q) + 5*y(q). Give c(2).
15
Let d(h) = -8*h + 5. Let n(k) = -15*k + 8. Let s(y) = -7*d(y) + 4*n(y). Determine s(-3).
9
Let z(b) = -8 + 21 - 8 - 6 - 10*b. Determine z(-2).
19
Let f = -4 + 4. Suppose 5 = c - f. Let n(a) = 2*a**3 + c - 6*a**2 - 2*a**3 - 3 + a**3. What is n(6)?
2
Suppose -640 = -56*x + 32. Let a(h) be the second derivative of 1/20*h**5 - 1/6*h**4 + 0 - 2*h**2 + 2/3*h**3 + x*h. Calculate a(3).
17
Let x(w) be the third derivative of w**5/60 - 3*w**4/8 - 5*w**3/6 - 8*w**2 - w. What is x(8)?
-13
Let l(b) = b**2 + 27*b + 28. Let c be l(-26). Let v(s) = -13*s + 20. Let m be v(c). Let y(p) = p**3 + 6*p**2 + 2*p + 5. What is y(m)?
-7
Let x = -42 - -42. Let l(u) = u**2 - u - 8. What is l(x)?
-8
Let x(v) = 10*v**2 + 1. Let f(k) = k**3 + 3*k**2 - 106*k + 23. Let h be f(-12). Determine x(h).
11
Let t(o) = o**3 - 5*o**2 - 6*o + 2. Suppose 3*f = 11 + 7. Let u be t(f). Let a(h) be the first derivative of h**4/4 - h**3/3 + h**2/2 - h - 4. Give a(u).
5
Let k(r) = 3*r**2 + 3*r + 1. Let g be ((-6)/(-15))/(42/(-35) - -1). What is k(g)?
7
Let g(l) =